13399
List the prime factors of 689993544.
2, 3, 109, 263759
List the prime factors of 1741496077.
3643, 478039
List the prime factors of 1920317190.
2, 3, 5, 11, 193, 2741
What are the prime factors of 2178225245?
5, 7, 41, 1517927
List the prime factors of 49309631.
7, 23, 43753
List the prime factors of 2508322416.
2, 3, 67, 83, 9397
List the prime factors of 51118965.
3, 5, 277, 1367
What are the prime factors of 628451213?
13, 48342401
List the prime factors of 101760494.
2, 11, 1483, 3119
List the prime factors of 618435288.
2, 3, 43, 199753
List the prime factors of 60336691.
173, 229, 1523
List the prime factors of 735098535.
3, 5, 16335523
List the prime factors of 433157251.
41, 10564811
What are the prime factors of 2628479159?
193, 13619063
List the prime factors of 57807432.
2, 3, 89209
List the prime factors of 2700025868.
2, 1847, 365461
List the prime factors of 7823881656.
2, 3, 4973, 21851
List the prime factors of 974257104.
2, 3, 2011, 10093
List the prime factors of 376872230.
2, 5, 7, 223, 3449
What are the prime factors of 52827717?
3, 197, 89387
What are the prime factors of 278761483?
7, 11, 13, 19, 14657
List the prime factors of 1941182911.
23, 37, 2281061
List the prime factors of 1096051059.
3, 571, 213281
What are the prime factors of 747472953?
3, 149, 1672199
What are the prime factors of 53591943?
3, 17863981
List the prime factors of 471286635.
3, 5, 31419109
What are the prime factors of 24985561?
457, 54673
List the prime factors of 209707664.
2, 3407, 3847
List the prime factors of 39455988.
2, 3, 11, 13, 22993
List the prime factors of 1989192948.
2, 3, 10289, 16111
What are the prime factors of 671423494?
2, 7, 251, 191071
List the prime factors of 117576985.
5, 23515397
List the prime factors of 115160803.
115160803
What are the prime factors of 76985607?
3, 25661869
What are the prime factors of 1196630568?
2, 3, 7, 23, 14747
What are the prime factors of 1174121142?
2, 3, 9413, 20789
List the prime factors of 183959219.
183959219
List the prime factors of 178641052.
2, 44660263
What are the prime factors of 2282894999?
7, 11, 29647987
What are the prime factors of 255807348?
2, 3, 1499, 14221
What are the prime factors of 1606477251?
3, 23, 733, 1381
What are the prime factors of 39786855?
3, 5, 19, 137, 1019
What are the prime factors of 1908110345?
5, 17, 277, 81041
List the prime factors of 431624841.
3, 43, 3345929
What are the prime factors of 112221555?
3, 5, 37, 202201
What are the prime factors of 385151452?
2, 7, 547, 25147
What are the prime factors of 6268158438?
2, 3, 1044693073
List the prime factors of 877655066.
2, 401, 1094333
What are the prime factors of 794645157?
3, 3191, 83009
What are the prime factors of 30222796?
2, 211, 35809
List the prime factors of 907902680.
2, 5, 17, 127, 10513
What are the prime factors of 497127426?
2, 3, 82854571
List the prime factors of 1771408.
2, 19, 5827
List the prime factors of 1485858081.
3, 41, 1543, 7829
List the prime factors of 8961721.
103, 167, 521
What are the prime factors of 233181512?
2, 1831, 15919
List the prime factors of 30127069.
7, 4303867
What are the prime factors of 19535086?
2, 9767543
What are the prime factors of 14353830?
2, 3, 5, 43, 3709
List the prime factors of 16425746.
2, 8212873
List the prime factors of 181140341.
23, 7875667
List the prime factors of 1648333368.
2, 3, 11, 693743
What are the prime factors of 920206814?
2, 15887, 28961
What are the prime factors of 281005322?
2, 13, 10807897
List the prime factors of 21286191.
3, 313, 22669
List the prime factors of 13155308.
2, 3288827
List the prime factors of 1085479367.
7, 19, 29, 281431
What are the prime factors of 446906506?
2, 17, 521, 25229
What are the prime factors of 95495265?
3, 5, 863, 2459
What are the prime factors of 12243104?
2, 29, 79, 167
List the prime factors of 90076439.
90076439
List the prime factors of 386894026.
2, 193447013
What are the prime factors of 50421984?
2, 3, 433, 1213
List the prime factors of 2327123235.
3, 5, 43, 127, 28409
What are the prime factors of 70867254?
2, 3, 17, 53, 13109
List the prime factors of 377994091.
29, 1847, 7057
List the prime factors of 1276554587.
7, 11, 241, 68791
What are the prime factors of 1393032546?
2, 3, 25796899
What are the prime factors of 29390938?
2, 53, 277273
List the prime factors of 4181343445.
5, 181, 4620269
What are the prime factors of 69437065?
5, 743, 18691
What are the prime factors of 391457276?
2, 7, 1997231
What are the prime factors of 2018065528?
2, 31, 8137361
List the prime factors of 1112749929.
3, 31, 3988351
What are the prime factors of 338567048?
2, 42320881
What are the prime factors of 161328316?
2, 19, 2122741
List the prime factors of 32093957.
7, 4584851
List the prime factors of 24035528.
2, 11, 273131
List the prime factors of 385433706.
2, 3, 7, 1310999
What are the prime factors of 60369012?
2, 3, 11, 157, 971
List the prime factors of 139006287.
3, 7, 35023
What are the prime factors of 36039622?
2, 241, 74771
List the prime factors of 4106603750.
2, 5, 3285283
List the prime factors of 31114702.
2, 15557351
What are the prime factors of 180243819?
3, 7, 953671
List the prime factors of 159365777.
159365777
What are the prime factors of 771850387?
7, 11, 43, 233117
List the prime factors of 34875401.
11, 101, 31391
List the prime factors of 26945367.
3, 163, 55103
What are the prime factors of 27584791?
13, 2121907
List the prime factors of 159362699.
23, 6928813
What are the prime factors of 1319708009?
1319708009
What are the prime factors of 285128986?
2, 29, 421, 11677
List the prime factors of 3123227869.
10733, 290993
List the prime factors of 7631367880.
2, 5, 557, 342521
What are the prime factors of 376001292?
2, 3, 53, 197, 3001
List the prime factors of 139060283.
139060283
List the prime factors of 9420705446.
2, 4710352723
What are the prime factors of 123335?
5, 17, 1451
What are the prime factors of 2534756266?
2, 7, 877, 206447
List the prime factors of 836560075.
5, 13, 2574031
What are the prime factors of 62613698?
2, 7, 239, 18713
What are the prime factors of 479252707?
83, 5774129
List the prime factors of 5378652.
2, 3, 53, 2819
List the prime factors of 46733449.
7, 1613, 4139
What are the prime factors of 1032390428?
2, 37, 6975611
What are the prime factors of 66968800?
2, 5, 97, 863
What are the prime factors of 3814023?
3, 31, 41011
List the prime factors of 30956037.
3, 7, 1474097
List the prime factors of 22334858.
2, 7, 13, 122719
What are the prime factors of 725154702?
2, 3, 61, 1981297
List the prime factors of 678148413.
3, 9349, 24179
List the prime factors of 33019344.
2, 3, 107, 2143
List the prime factors of 11302468.
2, 1669, 1693
What are the prime factors of 638095068?
2, 3, 13, 17, 139, 577
List the prime factors of 211724850.
2, 3, 5, 1411499
What are the prime factors of 223201363?
7, 11, 1381, 2099
List the prime factors of 60835158.
2, 3, 1126577
List the prime factors of 641517989.
7, 43, 53, 40213
What are the prime factors of 81605301?
3, 47, 449, 1289
What are the prime factors of 140277487?
7, 20039641
List the prime factors of 35222004.
2, 3, 978389
List the prime factors of 360123571.
15061, 23911
List the prime factors of 5683215759.
3, 13, 1063, 137087
What are the prime factors of 3177239826?
2, 3, 23, 29, 251, 3163
List the prime factors of 38960133.
3, 47, 5879
What are the prime factors of 1646876090?
2, 5, 1109, 148501
What are the prime factors of 961868398?
2, 17, 211, 134077
What are the prime factors of 11662968?
2, 3, 53, 173
What are the prime factors of 679584254?
2, 37, 9183571
List the prime factors of 284320478.
2, 13, 17, 283, 2273
What are the prime factors of 4585911235?
5, 23, 613, 65053
What are the prime factors of 448056426?
2, 3, 2383, 31337
What are the prime factors of 7592588533?
7592588533
What are the prime factors of 443090246?
2, 29, 7639487
What are the prime factors of 293805020?
2, 5, 89, 165059
List the prime factors of 109532140.
2, 5, 5476607
List the prime factors of 403889195.
5, 877, 92107
List the prime factors of 95994241.
7, 13713463
What are the prime factors of 1301046694?
2, 241, 761, 3547
What are the prime factors of 11281548?
2, 3, 857, 1097
What ar